{"id":103296,"date":"2024-10-12T19:36:01","date_gmt":"2024-10-12T22:36:01","guid":{"rendered":"https:\/\/www.cantarkaraoke.com.br\/?post_type=product&#038;p=103296"},"modified":"2024-10-12T19:36:02","modified_gmt":"2024-10-12T22:36:02","slug":"tv-box-aparelho-android-tv-transforma-tv-em-smart","status":"publish","type":"product","link":"https:\/\/www.cantarkaraoke.com.br\/?product=tv-box-aparelho-android-tv-transforma-tv-em-smart","title":{"rendered":"TV BOX Aparelho Android Tv Transforma Tv em SMART"},"content":{"rendered":"<p>Aparelho Android Tv Transforma Tv em SMART<\/p>\n<p>Navega\u00e7\u00e3o R\u00e1pida e Intuitiva: Interface simples e f\u00e1cil de usar, para toda a fam\u00edlia.<br \/>\nConectividade Total: Conecte-se ao Wi-Fi, sincronize com seus dispositivos m\u00f3veis e aproveite o melhor da internet na sua TV.<br \/>\nQualidade de Som e Imagem de Alta Defini\u00e7\u00e3o: Experi\u00eancia de cinema direto da sua sala.<br \/>\nMantenha sua TV sempre moderna com as \u00faltimas atualiza\u00e7\u00f5es de software.<br \/>\nN\u00e3o perca mais tempo com a programa\u00e7\u00e3o limitada da TV convencional. Torne sua TV inteligente hoje mesmo e aproveite todo o potencial do entretenimento digital!<\/p>\n","protected":false},"excerpt":{"rendered":"<p><span class=\"excerpt-hellip\"> [\u2026]<\/span><\/p>\n","protected":false},"featured_media":103297,"template":"","meta":{"_crdt_document":"","pmpro_default_level":"","_joinchat":[]},"product_brand":[],"product_cat":[3395],"product_tag":[3399,3386,3398,3397,3396],"class_list":{"0":"post-103296","1":"product","2":"type-product","3":"status-publish","4":"has-post-thumbnail","6":"product_cat-conversor-e-tvbox","7":"product_tag-android-tv","8":"product_tag-conversor","9":"product_tag-transformar-tv","10":"product_tag-tv-digital","11":"product_tag-tvbox","12":"pmpro-has-access","14":"first","15":"instock","16":"shipping-taxable","17":"purchasable","18":"product-type-simple"},"_links":{"self":[{"href":"https:\/\/www.cantarkaraoke.com.br\/index.php?rest_route=\/wp\/v2\/product\/103296","targetHints":{"allow":["GET"]}}],"collection":[{"href":"https:\/\/www.cantarkaraoke.com.br\/index.php?rest_route=\/wp\/v2\/product"}],"about":[{"href":"https:\/\/www.cantarkaraoke.com.br\/index.php?rest_route=\/wp\/v2\/types\/product"}],"wp:featuredmedia":[{"embeddable":true,"href":"https:\/\/www.cantarkaraoke.com.br\/index.php?rest_route=\/wp\/v2\/media\/103297"}],"wp:attachment":[{"href":"https:\/\/www.cantarkaraoke.com.br\/index.php?rest_route=%2Fwp%2Fv2%2Fmedia&parent=103296"}],"wp:term":[{"taxonomy":"product_brand","embeddable":true,"href":"https:\/\/www.cantarkaraoke.com.br\/index.php?rest_route=%2Fwp%2Fv2%2Fproduct_brand&post=103296"},{"taxonomy":"product_cat","embeddable":true,"href":"https:\/\/www.cantarkaraoke.com.br\/index.php?rest_route=%2Fwp%2Fv2%2Fproduct_cat&post=103296"},{"taxonomy":"product_tag","embeddable":true,"href":"https:\/\/www.cantarkaraoke.com.br\/index.php?rest_route=%2Fwp%2Fv2%2Fproduct_tag&post=103296"}],"curies":[{"name":"wp","href":"https:\/\/api.w.org\/{rel}","templated":true}]}}