{"id":103239,"date":"2024-10-11T14:38:46","date_gmt":"2024-10-11T17:38:46","guid":{"rendered":"https:\/\/www.cantarkaraoke.com.br\/?post_type=product&#038;p=103239"},"modified":"2024-10-11T14:38:46","modified_gmt":"2024-10-11T17:38:46","slug":"microfone-karaoke-cabo-3m-completo","status":"publish","type":"product","link":"https:\/\/www.cantarkaraoke.com.br\/?product=microfone-karaoke-cabo-3m-completo","title":{"rendered":"Microfone Karaok\u00ea Cabo 3m Completo"},"content":{"rendered":"<p>&#8211; Cabo de 3 metros de comprimento<\/p>\n<p>&#8211; Corpo elegante de design.<\/p>\n<p>&#8211; Bom som e claro.<\/p>\n<p>&#8211; Nada de barulhos e sem ru\u00eddos.<\/p>\n<p>&#8211;\u00a0 Produ\u00e7\u00e3o de um som claro Adequado para karaok\u00ea, palestras, oradores em geral.<\/p>\n<p>Aperto confort\u00e1vel F\u00e1cil de carregar por todo lado.<\/p>\n<p>Cabo pode ser removido 3,5 metros comprimento do cabo<\/p>\n<p>&nbsp;<\/p>\n<p>Especula\u00e7\u00e3o:<\/p>\n<p>Tipo de microfone din\u00e2mico:<\/p>\n<p>Imped\u00e2ncia: 500 ohm-30% @ 1khz<\/p>\n<p>Sensibilidade: &#8211; 63db3db (0db = 1v @ 1khz)<\/p>\n<p>Resposta de frequ\u00eancia: 100hz-13khz<\/p>\n<p>Temperatura: 180<\/p>\n<p>Onda atual: &#8211; 13db @ 200hz-2khz<\/p>\n<p>Di\u00e2metro do cabo: 5mm<\/p>\n<p>Microfone sistema de cabo &#8211; Alta precis\u00e3o. &#8211; Cabo de 3 metros de comprimento<\/p>\n","protected":false},"excerpt":{"rendered":"<p><span class=\"excerpt-hellip\"> [\u2026]<\/span><\/p>\n","protected":false},"featured_media":103244,"template":"","meta":{"_crdt_document":"","pmpro_default_level":"","_joinchat":[]},"product_brand":[],"product_cat":[3374],"product_tag":[3379,3378,3380,3357,3381,3376,3360],"class_list":{"0":"post-103239","1":"product","2":"type-product","3":"status-publish","4":"has-post-thumbnail","6":"product_cat-microfone","7":"product_tag-caixa-amplificada","8":"product_tag-caixa-de-som","9":"product_tag-caixa-para-karaoke","10":"product_tag-cantar-karaoke","11":"product_tag-m","12":"product_tag-microfone","13":"product_tag-videoke","14":"pmpro-has-access","16":"first","17":"instock","18":"sale","19":"shipping-taxable","20":"purchasable","21":"product-type-simple"},"_links":{"self":[{"href":"https:\/\/www.cantarkaraoke.com.br\/index.php?rest_route=\/wp\/v2\/product\/103239","targetHints":{"allow":["GET"]}}],"collection":[{"href":"https:\/\/www.cantarkaraoke.com.br\/index.php?rest_route=\/wp\/v2\/product"}],"about":[{"href":"https:\/\/www.cantarkaraoke.com.br\/index.php?rest_route=\/wp\/v2\/types\/product"}],"wp:featuredmedia":[{"embeddable":true,"href":"https:\/\/www.cantarkaraoke.com.br\/index.php?rest_route=\/wp\/v2\/media\/103244"}],"wp:attachment":[{"href":"https:\/\/www.cantarkaraoke.com.br\/index.php?rest_route=%2Fwp%2Fv2%2Fmedia&parent=103239"}],"wp:term":[{"taxonomy":"product_brand","embeddable":true,"href":"https:\/\/www.cantarkaraoke.com.br\/index.php?rest_route=%2Fwp%2Fv2%2Fproduct_brand&post=103239"},{"taxonomy":"product_cat","embeddable":true,"href":"https:\/\/www.cantarkaraoke.com.br\/index.php?rest_route=%2Fwp%2Fv2%2Fproduct_cat&post=103239"},{"taxonomy":"product_tag","embeddable":true,"href":"https:\/\/www.cantarkaraoke.com.br\/index.php?rest_route=%2Fwp%2Fv2%2Fproduct_tag&post=103239"}],"curies":[{"name":"wp","href":"https:\/\/api.w.org\/{rel}","templated":true}]}}